culate the remainder when 107 is divided by d(h).
26
Let b be -1114*(-5)/(-40) - (-3)/12. Let v = 158 + b. What is the remainder when v is divided by 12?
7
Let n(s) = -s + 111. What is the remainder when n(0) is divided by 31?
18
What is the remainder when 404/10 + 4/(-10) is divided by 0 - 56/(-12)*3?
12
Suppose -2*q - 4*i = -58, i + 67 = 3*q - 34. Let l = q - 31. What is the remainder when (-38)/(-8) - 6/8 is divided by l?
0
What is the remainder when 137 is divided by 3 - 2 - 4/(20/(-135))?
25
Suppose -2*h - 10 = u, u - 3*h - 5 = -2*h. Suppose u*r - 3*r = -4*x + 74, 2*r + 55 = 3*x. Calculate the remainder when (0 + 0 + -1)*-47 is divided by x.
13
Suppose 3*j - 3 = -3*m + 3, 3*m - 2*j - 16 = 0. Suppose 2*i + m = -4. Let y = i - -13. Calculate the remainder when y is divided by 3.
0
Suppose 0 = 2*y - y. Suppose 4*u + 54 + 42 = y. What is the remainder when 98/3 - (-16)/u is divided by 17?
15
Let k be (-1)/((-267)/(-67) + -4). Suppose 2*l = 6*l + 3*x - k, -x = 3. What is the remainder when 33 is divided by l?
14
Let v = 6 - 1. Suppose -5*p + 5 = -2*a, 4*a + a = v*p - 20. What is the remainder when (6/(-9))/(p/36) is divided by 13?
11
Suppose -5*n = 4*q - 30, 0*q - 55 = -3*n + 5*q. What is the remainder when 16 is divided by n?
6
Let i = -156 + 297. Calculate the remainder when i is divided by 36.
33
Suppose 32*j = -4*j + 1728. Calculate the remainder when j is divided by 7.
6
Suppose 24*g - 310 = -38*g. Calculate the remainder when 359 is divided by g.
4
Let x(o) = -7*o + 10. Let s(h) = -1. Let u(y) = 2*s(y) + x(y). What is the remainder when 84 is divided by u(-2)?
18
Let a(h) = 44*h**3 - 2*h**2 - 2*h + 3. Calculate the remainder when 254 is divided by a(1).
39
Suppose -3*l = -9, -4*l + 9*l = i + 13. Let b = 17 - 12. Suppose 5*u + 8*k = 3*k + 5, -2*k = -5*u + b. Calculate the remainder when i is divided by u.
0
Let f be (-2)/(-2) - (-9 - -7). Let h(w) = 10*w**2 + 8*w - 2. Let v be h(f). Suppose 0*y = -4*y + v. Calculate the remainder when y is divided by 15.
13
What is the remainder when 5 + 71 - 5/(5/2) is divided by 36?
2
Let y(h) = -5*h + 9. Suppose -l - 111 = -114. Calculate the remainder when y(0) is divided by l.
0
Let w = -186 - -78. Calculate the remainder when 177 is divided by w/20*30/(-9).
15
What is the remainder when 223 is divided by (-24)/(-18) - ((-87)/9 - -2)?
7
Let a = -304 + 450. Calculate the remainder when a is divided by 39.
29
Let v = 2276 - 1403. What is the remainder when v is divided by 287?
12
Let n(z) = 3*z**2 - 4*z - 6. Let i(f) = 4*f**2 + 26*f - 55. What is the remainder when n(5) is divided by i(2)?
10
Suppose 5*i = 4*r - 897, 2*i - 447 = -5*r + 633. Calculate the remainder when r is divided by 52.
10
Suppose -33*j + 43 = -518. Calculate the remainder when 76 is divided by j.
8
Suppose 4*l + 3*v - 926 = 0, -2*v + 907 = 5*l - 247. What is the remainder when l is divided by 70?
20
Let t(q) = -q**3 + 3*q**2 + 29*q + 16. Calculate the remainder when t(-6) is divided by 23.
5
Suppose 0*c = c + l + 63, 0 = -3*c + 5*l - 149. Let p = c - -65. Calculate the remainder when 1 - -17*(2 + -1) is divided by p.
4
Let c(m) = 25*m**2 - m + 1. Suppose 40 = 2*w + 4*q, w - 76 = -4*w - 2*q. What is the remainder when c(1) is divided by w?
11
Let s(z) = -z**2 + 16*z - 4. Suppose -2*y - 292 = 128. Let b be ((-1)/(-3))/((-5)/y). Calculate the remainder when 95 is divided by s(b).
23
Let t = 8 - -3. Let p = t + 54. Suppose 2*v - 211 + p = 0. Calculate the remainder when v is divided by 19.
16
Suppose 0*c = -4*c - 8. Suppose 4*q - h - 33 = 0, h + 41 = -0*q + 5*q. Let i = c + q. Calculate the remainder when 17 is divided by i.
5
Suppose -7*j = -18 - 17. Suppose -4*o - 3*y = -433, -4*y = y + j. What is the remainder when o is divided by 37?
35
Suppose 5*k - 2*c + 131 = 0, -4*c + 0*c - 8 = 0. Suppose 2*j = s - 22, 4*s - 2*j + 18 = 5*s. What is the remainder when 3/(k/57)*-6 is divided by s?
18
Let c = -65 - -57. What is the remainder when (c/(-20))/(2 - 89/45) is divided by 10?
8
Let b(g) = -g + 1. Let t(l) = -l**2 + 4*l - 6. Let v(c) = 6*b(c) - t(c). Let d = 5 - 0. Calculate the remainder when v(10) is divided by d.
2
Let j(m) = -4*m - 4. Let d = -711 - -755. Calculate the remainder when d is divided by j(-4).
8
Let w(n) = n**3 + 3*n**2 + 2*n - 15. Calculate the remainder when 134 is divided by w(3).
44
Let r = 172 + 56. What is the remainder when r is divided by 58?
54
Let p be (-1 + 2)*2 - 1. Let k = 14 - p. Let x(z) = z**2 + 3*z - 10. What is the remainder when k is divided by x(-6)?
5
Let p(l) = l**3 + 5*l**2 - 3*l - 7. Let t(k) = 3*k - 2. Let i be t(2). Suppose 5*z - i = -29. What is the remainder when 20 is divided by p(z)?
4
Let z be (3 - 1)/((-6)/(-57)) + 0. What is the remainder when 39 is divided by (z + ((-8)/(-2))/4)/2?
9
Suppose 7*d = 8*d + 6. What is the remainder when ((-236)/d)/((-2)/(-3)) is divided by (-1)/(3/(-43)) + 4/6?
14
Let f(v) = -v. Let p be f(-6). What is the remainder when 29 is divided by 2*(39/p + -4)?
4
Let d = -56 + 236. Calculate the remainder when d is divided by 16.
4
Let v = -2 + 7. Calculate the remainder when 14 - 12 - 153/(-9) is divided by v.
4
Let t = -35 - -57. Let f = -2 + t. What is the remainder when 79 is divided by f?
19
Let w = -20 - -20. Suppose w*g + 6*g = 90. What is the remainder when g is divided by (-13)/(-3) - (-1)/(-3)?
3
Let g = -16 - -21. Suppose g*r - 102 = 48. Calculate the remainder when r is divided by 16.
14
Suppose -k + 5*g = -41, 16*k + 3*g + 47 = 18*k. Suppose 0 = -y + r + 74, 2*y - 4*y + 136 = -5*r. What is the remainder when y is divided by k?
14
Suppose -i + 20 - 21 = 0. Calculate the remainder when 2*(-1)/4*-20 is divided by 4 + (-1)/(-1) + i.
2
Suppose -7*b + 2*b = -105. Calculate the remainder when 186 is divided by b.
18
Suppose 2*f - 279 = 135. What is the remainder when f is divided by 42?
39
Let x = -2994 - -3009. What is the remainder when 32 is divided by x?
2
Suppose -5*w + w + 132 = 0. Let l = -55 - -54. What is the remainder when w is divided by 42/21 - (0 - (-16)/l)?
15
Let y(p) = -p**3 - 2*p**2 + 9*p + 7. Let m be y(-4). Suppose 2*w + m*w = 70. What is the remainder when 39 is divided by w?
11
Suppose 2*o + 6 = p, -p + 0*p - 6 = 2*o. Suppose -2*v + 4*v - 28 = p. Calculate the remainder when 65 is divided by v.
9
Let n = 85 - 11. What is the remainder when n is divided by 29 - (-6)/2*-1?
22
Let k = 5 + 17. Let q = -137 - -143. Calculate the remainder when k is divided by q.
4
Suppose p = 2 + 3. What is the remainder when p is divided by 902/286 + 6/(-39)?
2
Let k be ((-498)/(-1))/3*1. Suppose 0 = 3*c - k + 13. What is the remainder when c is divided by 26?
25
Suppose -55 = 3*f - 2*s, -14 - 10 = 2*f + 5*s. Let r = f + 33. What is the remainder when 93 is divided by r?
13
Let u be -2 + 3*716/12. Suppose c + 2*c = u. Calculate the remainder when c is divided by 31.
28
Let u = 3 - -13. Calculate the remainder when 58 is divided by u.
10
Let s(o) = -43*o - 23. Let t be s(-4). Let a = t - 129. What is the remainder when a is divided by 6?
2
Let k(c) = 5*c - 8. Let m be k(4). Let r be (-6)/(0 + -2) - m. Let a(j) = -j**3 - 8*j**2 - 3*j - 3. What is the remainder when a(r) is divided by 27?
24
Let k = -3 + 17. Let t = 69 + -19. Suppose -3*u - t = 5*b - 264, -2*u + 129 = 3*b. What is the remainder when b is divided by k?
13
Let w = -6 + 31. Suppose 35497*a = 35472*a + 1125. Calculate the remainder when a is divided by w.
20
Suppose 5*m - l = -3*l - 6, -m + 2 = 2*l. Let u(p) = -10*p - 2. Suppose 3*t + 26 - 128 = 0. What is the remainder when t is divided by u(m)?
16
Let n = 45 + -19. Let o(t) = 2*t - 2*t - t + 3*t. Calculate the remainder when n is divided by o(5).
6
Suppose -2*b - 4*x + 198 = -0*b, -509 = -5*b - 3*x. Calculate the remainder when b is divided by 22.
15
Let w(n) = n - 3. Let p be w(8). What is the remainder when 77 is divided by ((-9)/p)/((-12)/180)?
23
Let w = 21 + -7. Let o(t) = 2*t - 19. Let m be o(10). What is the remainder when (-646)/(-17) + 0 + m/1 is divided by w?
11
Suppose 2*z = -o + 29, -4*z - 1 = -2*z - 5*o. What is the remainder when 131 is divided by z?
11
Let o(a) = -a + 15. Let f be o(11). Calculate the remainder when 52*((-10)/(-12) + f/24) is divided by 18.
16
Let f(l) = 2*l + 23. Let w(o) = -3*o - 46. Let p(v) = -5*f(v) - 3*w(v). 